base 3) to base 9.
1863077
What is d24a0a (base 15) in base 3?
200210111011201
3367432 (base 8) to base 4
3132330122
Convert -24010320 (base 5) to base 8.
-654504
Convert 6675527 (base 8) to base 5.
430113142
What is 134331421 (base 6) in base 11?
15a7905
-1b3b21 (base 15) to base 14
-268401
What is 1101230210 (base 4) in base 7?
2562410
Convert 10101111011110111 (base 2) to base 8.
257367
Convert 19a9bd8 (base 14) to base 12.
4344602
What is -102120200020200 (base 3) in base 6?
-335524330
Convert 8a1130 (base 14) to base 15.
62983e
-22121100221 (base 3) to base 15
-352d1
220102020200222 (base 3) to base 11
7363059
Convert 79739 (base 15) to base 9.
648010
7d476 (base 16) to base 15
a2097
What is 4542067 (base 8) in base 12?
4b389b
1435566 (base 9) to base 4
3001032012
-4202413 (base 12) to base 4
-233132133033
What is 31150210 (base 6) in base 11?
565868
Convert 374374 (base 9) to base 10.
226300
Convert 4225454 (base 6) to base 15.
410a1
51865 (base 13) to base 5
14141222
Convert 1425400 (base 9) to base 11.
49663a
Convert fd1e1 (base 16) to base 13.
2a3b96
-11100100011000011111 (base 2) to base 14
-1a4ca3
Convert -79691 (base 13) to base 7.
-1606553
Convert -2110213001 (base 4) to base 6.
-21014025
-13334120 (base 6) to base 12
-197340
What is 1ab1b6 (base 14) in base 10?
952524
Convert -86667 (base 11) to base 6.
-2410533
Convert 16245 (base 8) to base 5.
213313
Convert -11400021 (base 6) to base 10.
-357709
What is 13311403 (base 5) in base 13?
49722
What is 9224a37 (base 11) in base 7?
255364501
What is -414489 (base 12) in base 8?
-3717251
What is -5b76de (base 15) in base 14?
-81db70
What is -210400020 (base 5) in base 7?
-10260640
What is -14a9749 (base 13) in base 12?
-2272268
Convert 463136 (base 8) to base 14.
41462
Convert -453676 (base 8) to base 2.
-100101011110111110
-d718a (base 15) to base 16
-a6879
What is -5f32f (base 16) in base 3?
-201210220001
-223542 (base 6) to base 15
-5968
26c80 (base 13) to base 16
11af4
What is -3670303 (base 10) in base 3?
-20220110201011
101012120210021 (base 3) to base 6
312132354
Convert -200211110120 (base 3) to base 14.
-99127
1885660 (base 12) to base 8
23516550
Convert -7a0273 (base 11) to base 3.
-2101201201111
What is -105392 (base 10) in base 11?
-72201
What is -19e3a (base 16) in base 9?
-171414
What is -20201001201 (base 3) in base 15?
-2919a
Convert 214130214 (base 6) to base 16.
3a8e62
What is -126482 (base 11) in base 14?
-526a9
Convert 4445444 (base 6) to base 10.
224164
Convert 14210242 (base 6) to base 3.
220120020122
Convert 31323220 (base 5) to base 4.
333233010
Convert 5506ca (base 15) to base 7.
46303033
1100101011101001000010 (base 2) to base 14
627790
What is 2249323 (base 10) in base 7?
25055536
Convert 7469b6 (base 12) to base 6.
103210350
What is 8477081 (base 10) in base 5?
4132231311
-122ced (base 15) to base 10
-870298
-146a54 (base 11) to base 5
-24310440
Convert -542541 (base 7) to base 10.
-94599
What is 1083184 (base 9) in base 5?
122230043
What is 41374a0 (base 11) in base 5?
3332114004
33312c8 (base 13) to base 14
21233a0
-1055085 (base 10) to base 3
-1222121022020
What is -101000110111000101 (base 2) in base 10?
-167365
What is -1021001222010 (base 3) in base 11?
-418968
What is 10011001101011 (base 2) in base 14?
3827
44623424 (base 7) to base 12
136865b
Convert 39658 (base 13) to base 11.
73058
Convert -1101000000001110100 (base 2) to base 11.
-271154
What is 635241 (base 12) in base 11?
97920a
222021011101 (base 3) to base 10
516979
Convert 654426 (base 7) to base 10.
114435
Convert -218861 (base 12) to base 15.
-a80d4
What is 234752 (base 12) in base 2?
10001010101000101110
Convert -10111000101100000 (base 2) to base 15.
-1d040
-4252362 (base 8) to base 12
-4693aa
Convert -26904 (base 12) to base 8.
-147624
Convert 36486 (base 15) to base 16.
2a45f
-627682 (base 9) to base 5
-43414304
What is -40021413 (base 5) in base 2?
-1001100101001111111
-4120266 (base 7) to base 9
-830336
What is 630bb (base 12) in base 11?
89529
-127f6a (base 16) to base 11
-758880
Convert 131244365 (base 7) to base 10.
8397863
Convert 2255433 (base 6) to base 2.
11100011101101101
1710107 (base 8) to base 5
111330222
What is 12215952 (base 10) in base 15?
111481c
-2220021222222 (base 3) to base 5
-343303410
What is 15dcb46 (base 14) in base 6?
1022251214
Convert -d1fd1 (base 16) to base 2.
-11010001111111010001
Convert -271413 (base 10) to base 6.
-5452313
-604372 (base 8) to base 15
-3de06
-20101002000 (base 4) to base 12
-886000
Convert 10277118 (base 9) to base 3.
100022121010122
265313 (base 7) to base 10
49892
What is 5307574 (base 9) in base 15?
3b16d7
acd638 (base 16) to base 7
165164263
-100010010110101000010101 (base 2) to base 12
-3023699
115757 (base 10) to base 6
2251525
Convert -333131 (base 4) to base 6.
-30445
Convert b248 (base 12) to base 10.
19352
Convert 100001111100100011001 (base 2) to base 13.
2cc3c0
Convert -2566350 (base 8) to base 5.
-140403013
174341 (base 8) to base 12
30a55
Convert b23c3c (base 14) to base 2.
10110111001101101001110
What is 103221000 (base 6) in base 15?
264899
Convert -28280aa (base 12) to base 16.
-7a5882
1000010102222 (base 3) to base 5
114041301
22521501 (base 7) to base 10
1971810
Convert -312351144 (base 6) to base 14.
-a19436
What is -a629b (base 12) in base 15?
-44975
Convert -26423 (base 7) to base 5.
-211243
2485b (base 15) to base 10
116636
What is -23012 (base 8) in base 12?
-5776
What is 57352 (base 10) in base 11?
3a0a9
Convert -7404a5 (base 13) to base 9.
-5086043
What is -595a2 (base 11) in base 8?
-247615
Convert 230321232231 (base 4) to base 12.
3b37979
Convert -1664823 (base 9) to base 11.
-584810
What is 1111121112010 (base 3) in base 16?
c3285
2049625 (base 10) to base 16
1f4659
Convert -17c914 (base 15) to base 10.
-1156294
Convert -314404004 (base 6) to base 10.
-5537380
301213143 (base 5) to base 2
100100011101100101110
Convert 13024004 (base 5) to base 14.
3429c
-232776 (base 9) to base 11
-960aa
What is -58700 (base 15) in base 9?
-468370
Convert -1531342 (base 10) to base 16.
-175dce
What is -13000122031 (base 4) in base 5?
-432233220
Convert -3302432423 (base 5) to base 9.
-14276127
What is 67d9b (base 14) in base 12?
102085
Convert 102110222002 (base 3) to base 13.
7bb0c
What is -11111011001101 (base 2) in base 7?
-64605
-11000111111010000 (base 2) to base 13
-37783
Convert 100101100010001110000 (base 2) to base 16.
12c470
What is -118407 (base 9) in base 15?
-163ed
What is 195a4b (base 12) in base 11?
284867
Convert 211122221302 (base 4) to base 9.
20408651
Convert 35743430 (base 8) to base 9.
15683746
What is -1577293 (base 10) in base 2?
-110000001000101001101
-22312202020 (base 4) to base 10
-2844808
-71232 (base 15) to base 2
-1010111011101100111
Convert -1101001100001111101 (base 2) to base 5.
-102313003
-662910 (base 11) to base 6
-34401430
What is -9713 (base 14) in base 12?
-13119
Convert -989453 (base 11) to base 12.
-641a04
Convert -334ca7 (base 16) to base 6.
-200020343
-5547d (base 16) to base 8
-1252175
-1430047 (base 8) to base 16
-63027
Convert 215830 (base 10) to base 4.
310230112
What is -31212123311 (base 4) in base 3?
-20201010200012
What is 112114224 (base 5) in base 3?
221121210022
-20212212100002 (base 3) to base 16
-37d27f
What is -2a02510 (base 11) in base 14?
-9834aa
Convert 645209 (base 11) to base 16.
fbe60
What is 757347 (base 8) in base 16?
3dee7
Convert 10b21d (base 14) to base 13.
16b962
What is 1289bd (base 15) in base 9?
1605547
Convert 232133103 (base 4) to base 8.
563723
Convert -30b48 (base 15) to base 12.
-75442
What is 3629 (base 11) in base 6?
33554
What is -152e82 (base 15) in base 13?
-29a557
3210022132 (base 4) to base 11
589169
Convert 1637236 (base 8) to base 10.
474782
-1abb64 (base 12) to base 3
-220020010111
Convert -15651a (base 12) to base 13.
-c967c
Convert 60550060 (base 7) to base 13.
1074a99
What is 3003103 (base 6) in base 8?
422557
-1004144232 (base 5) to base 12
-816049
Convert 2892b1 (base 15) to base 8.
7351665
-22a010 (base 14) to base 16
-12011e
3305241 (base 6) to base 11
102631
What is -20230011 (base 5) in base 6?
-3305005
-65dd7 (base 14) to base 15
-4d288
What is -8a770 (base 14) in base 4?
-1102011232
What is 110001111011110001 (base 2) in 